{"id":384,"date":"2026-04-06T01:14:59","date_gmt":"2026-04-05T18:14:59","guid":{"rendered":"https:\/\/ktech9.k-tech-services.com\/project602\/?post_type=product&#038;p=384"},"modified":"2026-04-06T01:15:15","modified_gmt":"2026-04-05T18:15:15","slug":"visa-trung-quoc-goi-thuong-4","status":"publish","type":"product","link":"https:\/\/ktech9.k-tech-services.com\/project602\/san-pham\/visa-trung-quoc-goi-thuong-4\/","title":{"rendered":"Visa Trung Qu\u1ed1c g\u00f3i th\u01b0\u1eddng"},"content":{"rendered":"<div class=\"row\"  id=\"row-1034009485\">\n\n\t<div id=\"col-45887453\" class=\"col small-12 large-12\"  >\n\t\t\t\t<div class=\"col-inner\"  >\n\t\t\t\n\t\t\t\n<h3>M\u00f4 t\u1ea3<\/h3>\n<p>M\u1ed7i qu\u1ed1c gia c\u00f3 quy \u0111\u1ecbnh visa kh\u00e1c nhau, m\u1ed7i m\u1ee5c \u0111\u00edch chuy\u1ebfn \u0111i c\u0169ng y\u00eau c\u1ea7u h\u1ed3 s\u01a1 ri\u00eang. Ch\u00fang t\u00f4i ph\u00e2n t\u00edch k\u1ef9 nhu c\u1ea7u c\u1ee7a kh\u00e1ch h\u00e0ng (du l\u1ecbch, c\u00f4ng t\u00e1c, th\u0103m th\u00e2n\u2026) \u0111\u1ec3 t\u01b0 v\u1ea5n \u0111\u00fang lo\u1ea1i visa ph\u00f9 h\u1ee3p, tr\u00e1nh t\u00ecnh tr\u1ea1ng n\u1ed9p sai di\u1ec7n d\u1eabn \u0111\u1ebfn k\u00e9o d\u00e0i th\u1eddi gian ho\u1eb7c r\u1edbt visa \u0111\u00e1ng ti\u1ebfc.<\/p>\n<p>H\u1ed3 s\u01a1 \u0111\u01b0\u1ee3c r\u00e0 so\u00e1t t\u1eebng gi\u1ea5y t\u1edd: nh\u00e2n th\u00e2n, c\u00f4ng vi\u1ec7c, t\u00e0i ch\u00ednh, l\u1ecbch tr\u00ecnh. Nh\u1eefng \u0111i\u1ec3m ch\u01b0a ph\u00f9 h\u1ee3p s\u1ebd \u0111\u01b0\u1ee3c h\u01b0\u1edbng d\u1eabn \u0111i\u1ec1u ch\u1ec9nh, b\u1ed5 sung r\u00f5 r\u00e0ng \u0111\u1ec3 \u0111\u1ea3m b\u1ea3o h\u1ed3 s\u01a1 \u0111\u1ea7y \u0111\u1ee7, logic v\u00e0 \u0111\u00e1p \u1ee9ng \u0111\u00fang y\u00eau c\u1ea7u c\u1ee7a l\u00e3nh s\u1ef1 qu\u00e1n.<\/p>\n\t\t<\/div>\n\t\t\t\t\t<\/div>\n\n\t\n\n\t<div id=\"col-1783213617\" class=\"col small-12 large-12\"  >\n\t\t\t\t<div class=\"col-inner\"  >\n\t\t\t\n\t\t\t\n<h3>G\u00f3i d\u1ecbch v\u1ee5 tr\u1ecdn g\u00f3i, nhanh gon &#8211; An t\u00e2m<\/h3>\n\t<div id=\"gap-1862596526\" class=\"gap-element clearfix\" style=\"display:block; height:auto;\">\n\t\t\n<style>\n#gap-1862596526 {\n  padding-top: 5px;\n}\n<\/style>\n\t<\/div>\n\t\n\n\t\t<div class=\"icon-box featured-box icon-box-left text-left\"  >\n\t\t\t\t\t<div class=\"icon-box-img\" style=\"width: 20px\">\n\t\t\t\t<div class=\"icon\">\n\t\t\t\t\t<div class=\"icon-inner\" >\n\t\t\t\t\t\t<img loading=\"lazy\" decoding=\"async\" width=\"1\" height=\"1\" src=\"https:\/\/ktech9.k-tech-services.com\/project602\/wp-content\/uploads\/2026\/04\/svgexport-1-2026-02-09T145033.260-1.svg\" class=\"attachment-medium size-medium\" alt=\"\" \/>\t\t\t\t\t<\/div>\n\t\t\t\t<\/div>\n\t\t\t<\/div>\n\t\t\t\t<div class=\"icon-box-text last-reset\">\n\t\t\t\t\t\t\t\t\t\n<p>T\u01b0 v\u1ea5n h\u1ed3 s\u01a1 ph\u00f9 h\u1ee3p t\u1eebng qu\u1ed1c gia<\/p>\n\t\t<\/div>\n\t<\/div>\n\t\n\t\n\n\t\t<div class=\"icon-box featured-box icon-box-left text-left\"  >\n\t\t\t\t\t<div class=\"icon-box-img\" style=\"width: 20px\">\n\t\t\t\t<div class=\"icon\">\n\t\t\t\t\t<div class=\"icon-inner\" >\n\t\t\t\t\t\t<img loading=\"lazy\" decoding=\"async\" width=\"1\" height=\"1\" src=\"https:\/\/ktech9.k-tech-services.com\/project602\/wp-content\/uploads\/2026\/04\/svgexport-1-2026-02-09T145033.260-1.svg\" class=\"attachment-medium size-medium\" alt=\"\" \/>\t\t\t\t\t<\/div>\n\t\t\t\t<\/div>\n\t\t\t<\/div>\n\t\t\t\t<div class=\"icon-box-text last-reset\">\n\t\t\t\t\t\t\t\t\t\n<p>Ki\u1ec3m tra &amp; ho\u00e0n thi\u1ec7n gi\u1ea5y t\u1edd<\/p>\n\t\t<\/div>\n\t<\/div>\n\t\n\t\n\n\t\t<div class=\"icon-box featured-box icon-box-left text-left\"  >\n\t\t\t\t\t<div class=\"icon-box-img\" style=\"width: 20px\">\n\t\t\t\t<div class=\"icon\">\n\t\t\t\t\t<div class=\"icon-inner\" >\n\t\t\t\t\t\t<img loading=\"lazy\" decoding=\"async\" width=\"1\" height=\"1\" src=\"https:\/\/ktech9.k-tech-services.com\/project602\/wp-content\/uploads\/2026\/04\/svgexport-1-2026-02-09T145033.260-1.svg\" class=\"attachment-medium size-medium\" alt=\"\" \/>\t\t\t\t\t<\/div>\n\t\t\t\t<\/div>\n\t\t\t<\/div>\n\t\t\t\t<div class=\"icon-box-text last-reset\">\n\t\t\t\t\t\t\t\t\t\n<p>H\u1ed7 tr\u1ee3 \u0111i\u1ec1n form \u2013 \u0111\u1eb7t l\u1ecbch<\/p>\n\t\t<\/div>\n\t<\/div>\n\t\n\t\n\n\t\t<div class=\"icon-box featured-box icon-box-left text-left\"  >\n\t\t\t\t\t<div class=\"icon-box-img\" style=\"width: 20px\">\n\t\t\t\t<div class=\"icon\">\n\t\t\t\t\t<div class=\"icon-inner\" >\n\t\t\t\t\t\t<img loading=\"lazy\" decoding=\"async\" width=\"1\" height=\"1\" src=\"https:\/\/ktech9.k-tech-services.com\/project602\/wp-content\/uploads\/2026\/04\/svgexport-1-2026-02-09T145033.260-1.svg\" class=\"attachment-medium size-medium\" alt=\"\" \/>\t\t\t\t\t<\/div>\n\t\t\t\t<\/div>\n\t\t\t<\/div>\n\t\t\t\t<div class=\"icon-box-text last-reset\">\n\t\t\t\t\t\t\t\t\t\n<p>Theo s\u00e1t h\u1ed3 s\u01a1 \u0111\u1ebfn khi c\u00f3 k\u1ebft qu\u1ea3<\/p>\n\t\t<\/div>\n\t<\/div>\n\t\n\t\n<p>\ud83d\udc49 Ti\u1ebft ki\u1ec7m th\u1eddi gian \u2013 h\u1ea1n ch\u1ebf r\u1ee7i ro r\u1edbt visa<\/p>\n\t\t<\/div>\n\t\t\t\t\t<\/div>\n\n\t\n\n\t<div id=\"col-814866732\" class=\"col small-12 large-12\"  >\n\t\t\t\t<div class=\"col-inner\"  >\n\t\t\t\n\t\t\t\n\n\t\t<div class=\"icon-box featured-box icon-box-left text-left\"  >\n\t\t\t\t\t<div class=\"icon-box-img\" style=\"width: 32px\">\n\t\t\t\t<div class=\"icon\">\n\t\t\t\t\t<div class=\"icon-inner\" >\n\t\t\t\t\t\t<img loading=\"lazy\" decoding=\"async\" width=\"1\" height=\"1\" src=\"https:\/\/ktech9.k-tech-services.com\/project602\/wp-content\/uploads\/2026\/04\/Frame44.svg\" class=\"attachment-medium size-medium\" alt=\"\" \/>\t\t\t\t\t<\/div>\n\t\t\t\t<\/div>\n\t\t\t<\/div>\n\t\t\t\t<div class=\"icon-box-text last-reset\">\n\t\t\t\t\t\t\t\t\t\n<h3>H\u1ed7 tr\u1ee3 \u0111i\u1ec1n form &amp; \u0111\u1eb7t l\u1ecbch h\u1eb9n<\/h3>\n\t\t<\/div>\n\t<\/div>\n\t\n\t\n<p>Form xin visa th\u01b0\u1eddng ph\u1ee9c t\u1ea1p v\u00e0 y\u00eau c\u1ea7u \u0111\u1ed9 ch\u00ednh x\u00e1c cao. Ch\u00fang t\u00f4i h\u1ed7 tr\u1ee3 \u0111i\u1ec1n form \u0111\u00fang chu\u1ea9n, \u0111\u00fang th\u00f4ng tin, \u0111\u1ed3ng th\u1eddi h\u1ed7 tr\u1ee3 \u0111\u1eb7t l\u1ecbch h\u1eb9n theo khung th\u1eddi gian ph\u00f9 h\u1ee3p, gi\u00fap kh\u00e1ch h\u00e0ng ch\u1ee7 \u0111\u1ed9ng s\u1eafp x\u1ebfp c\u00f4ng vi\u1ec7c.<\/p>\n\t<div id=\"gap-1003465736\" class=\"gap-element clearfix\" style=\"display:block; height:auto;\">\n\t\t\n<style>\n#gap-1003465736 {\n  padding-top: 10px;\n}\n<\/style>\n\t<\/div>\n\t\n\n\t\t<div class=\"icon-box featured-box icon-box-left text-left\"  >\n\t\t\t\t\t<div class=\"icon-box-img\" style=\"width: 32px\">\n\t\t\t\t<div class=\"icon\">\n\t\t\t\t\t<div class=\"icon-inner\" >\n\t\t\t\t\t\t<img loading=\"lazy\" decoding=\"async\" width=\"1\" height=\"1\" src=\"https:\/\/ktech9.k-tech-services.com\/project602\/wp-content\/uploads\/2026\/04\/Frame45.svg\" class=\"attachment-medium size-medium\" alt=\"\" \/>\t\t\t\t\t<\/div>\n\t\t\t\t<\/div>\n\t\t\t<\/div>\n\t\t\t\t<div class=\"icon-box-text last-reset\">\n\t\t\t\t\t\t\t\t\t\n<h3>Theo s\u00e1t h\u1ed3 s\u01a1 trong su\u1ed1t qu\u00e1 tr\u00ecnh x\u00e9t duy\u1ec7t<\/h3>\n\t\t<\/div>\n\t<\/div>\n\t\n\t\n<ul>\n<li>H\u1ed3 s\u01a1 \u0111\u01b0\u1ee3c theo d\u00f5i li\u00ean t\u1ee5c t\u1eeb l\u00fac n\u1ed9p \u0111\u1ebfn khi c\u00f3 k\u1ebft qu\u1ea3. Kh\u00e1ch h\u00e0ng lu\u00f4n \u0111\u01b0\u1ee3c c\u1eadp nh\u1eadt t\u00ecnh tr\u1ea1ng x\u1eed l\u00fd v\u00e0 \u0111\u01b0\u1ee3c h\u1ed7 tr\u1ee3 k\u1ecbp th\u1eddi n\u1ebfu ph\u00e1t sinh y\u00eau c\u1ea7u b\u1ed5 sung t\u1eeb ph\u00eda l\u00e3nh s\u1ef1.<\/li>\n<\/ul>\n\t<div id=\"gap-1286514742\" class=\"gap-element clearfix\" style=\"display:block; height:auto;\">\n\t\t\n<style>\n#gap-1286514742 {\n  padding-top: 10px;\n}\n<\/style>\n\t<\/div>\n\t\n\n\t\t<div class=\"icon-box featured-box icon-box-left text-left\"  >\n\t\t\t\t\t<div class=\"icon-box-img\" style=\"width: 32px\">\n\t\t\t\t<div class=\"icon\">\n\t\t\t\t\t<div class=\"icon-inner\" >\n\t\t\t\t\t\t<img loading=\"lazy\" decoding=\"async\" width=\"1\" height=\"1\" src=\"https:\/\/ktech9.k-tech-services.com\/project602\/wp-content\/uploads\/2026\/04\/Frame46.svg\" class=\"attachment-medium size-medium\" alt=\"\" \/>\t\t\t\t\t<\/div>\n\t\t\t\t<\/div>\n\t\t\t<\/div>\n\t\t\t\t<div class=\"icon-box-text last-reset\">\n\t\t\t\t\t\t\t\t\t\n<h3>T\u01b0 v\u1ea5n ph\u1ecfng v\u1ea5n &amp; x\u1eed l\u00fd t\u00ecnh hu\u1ed1ng (n\u1ebfu c\u00f3)<\/h3>\n\t\t<\/div>\n\t<\/div>\n\t\n\t\n<ul>\n<li>\u0110\u1ed1i v\u1edbi nh\u1eefng qu\u1ed1c gia y\u00eau c\u1ea7u ph\u1ecfng v\u1ea5n, kh\u00e1ch h\u00e0ng s\u1ebd \u0111\u01b0\u1ee3c h\u01b0\u1edbng d\u1eabn tr\u01b0\u1edbc n\u1ed9i dung th\u01b0\u1eddng g\u1eb7p, c\u00e1ch tr\u1ea3 l\u1eddi ph\u00f9 h\u1ee3p v\u00e0 t\u00e1c phong c\u1ea7n thi\u1ebft \u0111\u1ec3 t\u1ef1 tin h\u01a1n khi l\u00e0m vi\u1ec7c v\u1edbi l\u00e3nh s\u1ef1.<\/li>\n<\/ul>\n\t\t<\/div>\n\t\t\t\t\t<\/div>\n\n\t\n<\/div>\n","protected":false},"excerpt":{"rendered":"","protected":false},"featured_media":277,"template":"","meta":{"_acf_changed":false},"product_brand":[],"product_cat":[32,33],"product_tag":[],"class_list":{"0":"post-384","1":"product","2":"type-product","3":"status-publish","4":"has-post-thumbnail","6":"product_cat-visa","7":"product_cat-visa-thuong","9":"first","10":"instock","11":"sale","12":"shipping-taxable","13":"purchasable","14":"product-type-simple"},"acf":[],"_links":{"self":[{"href":"https:\/\/ktech9.k-tech-services.com\/project602\/wp-json\/wp\/v2\/product\/384","targetHints":{"allow":["GET"]}}],"collection":[{"href":"https:\/\/ktech9.k-tech-services.com\/project602\/wp-json\/wp\/v2\/product"}],"about":[{"href":"https:\/\/ktech9.k-tech-services.com\/project602\/wp-json\/wp\/v2\/types\/product"}],"wp:featuredmedia":[{"embeddable":true,"href":"https:\/\/ktech9.k-tech-services.com\/project602\/wp-json\/wp\/v2\/media\/277"}],"wp:attachment":[{"href":"https:\/\/ktech9.k-tech-services.com\/project602\/wp-json\/wp\/v2\/media?parent=384"}],"wp:term":[{"taxonomy":"product_brand","embeddable":true,"href":"https:\/\/ktech9.k-tech-services.com\/project602\/wp-json\/wp\/v2\/product_brand?post=384"},{"taxonomy":"product_cat","embeddable":true,"href":"https:\/\/ktech9.k-tech-services.com\/project602\/wp-json\/wp\/v2\/product_cat?post=384"},{"taxonomy":"product_tag","embeddable":true,"href":"https:\/\/ktech9.k-tech-services.com\/project602\/wp-json\/wp\/v2\/product_tag?post=384"}],"curies":[{"name":"wp","href":"https:\/\/api.w.org\/{rel}","templated":true}]}}